{"id":22,"date":"2019-09-02T07:23:47","date_gmt":"2019-09-02T07:23:47","guid":{"rendered":"http:\/\/www.odiconsultoria.com\/?p=22"},"modified":"2021-09-17T12:52:22","modified_gmt":"2021-09-17T19:52:22","slug":"legal-advisory","status":"publish","type":"page","link":"http:\/\/www.odiconsultoria.com\/?page_id=22","title":{"rendered":"Legal Advisory"},"content":{"rendered":"<h1>Laboral<\/h1>\n<h2>LFT, Seguridad e Higiene, NOM-035<\/h2>\n<div>\n<p>Trabajar de la mano de las empresas para impulsar el cumplimiento de la normatividad laboral, en materia de seguridad e higiene, capacitaci\u00f3n y adiestramiento y condiciones generales de trabajo, creando as\u00ed centros de trabajo que cuenten con condiciones seguras y personal capacitado en las \u00e1reas.<\/p>\n<\/div>\n<p><!--more--><br \/>\n<!-- {\"name\":\"\",\"type\":\"layout\",\"children\":[{\"name\":\"hero\",\"type\":\"section\",\"props\":{\"style\":\"default\",\"width\":\"\",\"vertical_align\":\"middle\",\"title_position\":\"top-left\",\"title_rotation\":\"left\",\"title_breakpoint\":\"xl\",\"image_position\":\"center-center\",\"padding_remove_top\":true,\"image\":\"wp-content\\\/uploads\\\/yootheme\\\/legal-services-hero.jpg\",\"css\":\".el-section > [class*='uk-background-'] { min-height: 40vh; }\",\"image_effect\":\"parallax\",\"image_parallax_bgy_end\":\"120\",\"image_width\":\"1560\"},\"children\":[{\"name\":\"\",\"type\":\"row\",\"children\":[{\"name\":\"\",\"type\":\"column\",\"props\":{\"image_position\":\"center-center\",\"media_overlay_gradient\":\"\",\"width_medium\":\"1-1\"}}]}]},{\"name\":\"Services\",\"type\":\"section\",\"props\":{\"style\":\"default\",\"width\":\"default\",\"vertical_align\":\"middle\",\"title_position\":\"top-left\",\"title_rotation\":\"left\",\"title_breakpoint\":\"xl\",\"image_position\":\"center-center\",\"animation_delay\":false},\"children\":[{\"name\":\"\",\"type\":\"row\",\"props\":{\"margin\":\"default\"},\"children\":[{\"name\":\"\",\"type\":\"column\",\"props\":{\"image_position\":\"center-center\",\"media_overlay_gradient\":\"\",\"width_medium\":\"1-1\"},\"children\":[{\"name\":\"\",\"type\":\"headline\",\"props\":{\"title_element\":\"h1\",\"content\":\"Laboral\",\"title_decoration\":\"bullet\",\"title_style\":\"h2\"}},{\"name\":\"\",\"type\":\"headline\",\"props\":{\"title_element\":\"h2\",\"content\":\"LFT, Seguridad e Higiene, NOM-035\",\"maxwidth\":\"xlarge\",\"margin\":\"medium\",\"title_style\":\"h3\"}},{\"name\":\"\",\"type\":\"text\",\"props\":{\"margin\":\"default\",\"column_breakpoint\":\"m\",\"content\":\"\n\n<p>Trabajar de la mano de las empresas para impulsar el cumplimiento de la normatividad laboral, en materia de seguridad e higiene, capacitaci\\u00f3n y adiestramiento y condiciones generales de trabajo, creando as\\u00ed centros de trabajo que cuenten con condiciones seguras y personal capacitado en las \\u00e1reas.<\\\/p>\",\"text_align\":\"left\"}}]}]}]}],\"version\":\"2.6.2\"} --><\/p>\n","protected":false},"excerpt":{"rendered":"<p>Laboral LFT, Seguridad e Higiene, NOM-035 Trabajar de la mano de las empresas para impulsar el cumplimiento de la normatividad laboral, en materia de seguridad e higiene, capacitaci\u00f3n y adiestramiento y condiciones generales de trabajo, creando as\u00ed centros de trabajo que cuenten con condiciones seguras y personal capacitado en las \u00e1reas.<\/p>\n","protected":false},"author":1,"featured_media":0,"parent":0,"menu_order":4,"comment_status":"open","ping_status":"open","template":"","meta":[],"_links":{"self":[{"href":"http:\/\/www.odiconsultoria.com\/index.php?rest_route=\/wp\/v2\/pages\/22"}],"collection":[{"href":"http:\/\/www.odiconsultoria.com\/index.php?rest_route=\/wp\/v2\/pages"}],"about":[{"href":"http:\/\/www.odiconsultoria.com\/index.php?rest_route=\/wp\/v2\/types\/page"}],"author":[{"embeddable":true,"href":"http:\/\/www.odiconsultoria.com\/index.php?rest_route=\/wp\/v2\/users\/1"}],"replies":[{"embeddable":true,"href":"http:\/\/www.odiconsultoria.com\/index.php?rest_route=%2Fwp%2Fv2%2Fcomments&post=22"}],"version-history":[{"count":3,"href":"http:\/\/www.odiconsultoria.com\/index.php?rest_route=\/wp\/v2\/pages\/22\/revisions"}],"predecessor-version":[{"id":1185,"href":"http:\/\/www.odiconsultoria.com\/index.php?rest_route=\/wp\/v2\/pages\/22\/revisions\/1185"}],"wp:attachment":[{"href":"http:\/\/www.odiconsultoria.com\/index.php?rest_route=%2Fwp%2Fv2%2Fmedia&parent=22"}],"curies":[{"name":"wp","href":"https:\/\/api.w.org\/{rel}","templated":true}]}}