{"id":4,"date":"2019-09-02T07:23:47","date_gmt":"2019-09-02T07:23:47","guid":{"rendered":"http:\/\/www.odiconsultoria.com\/?p=4"},"modified":"2021-11-16T13:59:22","modified_gmt":"2021-11-16T21:59:22","slug":"company","status":"publish","type":"page","link":"http:\/\/www.odiconsultoria.com\/?page_id=4","title":{"rendered":"Company"},"content":{"rendered":"<div>\n<h1>Soluciones innovadoras para hacer avanzar su negocio<\/h1>\n<\/div>\n<h2>Una peque\u00f1a historia<br \/>detr\u00e1s de nuestra<br \/>Empresa<\/h2>\n<div>\n<div>Luz Mar\u00eda Villanueva &#8211; Ivonne Marquez<\/div>\n<p>Fundador y Representante &#8211; Socio<\/p>\n<p><a href=\"\/index.php?page_id=24\"><\/a><\/p>\n<\/div>\n<div>\n<p>ODI Consultor\u00eda S.C. Es una firma 100% mexicana con m\u00e1s de 15 a\u00f1os de experiencia en el \u00e1rea contable, fiscal, financiera, administrativa, corporativa y laboral; iniciando como personas f\u00edsicas independientes sus socios fundadores deciden firmar ante notario la sociedad para as\u00ed poder transmitir la experiencia, la t\u00e9cnica y la energ\u00eda en un todo unificado, un concepto completo e integral buscando resaltar el significado de su nombre la fortaleza de un equipo, que forma lideres decididos capases de enfrentarse a los retos del d\u00eda a d\u00eda.<\/p>\n<\/div>\n<div>\n<h2>S\u00edguenos en Redes Sociales<\/h2>\n<div>\n<p>En ODI Consultor\u00eda nos preocupamos por el bienestar de tu empresa<\/p>\n<\/div>\n<p><a href=\"https:\/\/www.facebook.com\/ODI-Consultoria-157591436038470\">Visita nuestra p\u00e1gina<\/a><\/p>\n<\/div>\n<p><!--more--><br \/>\n<!-- {\"name\":\"About\",\"type\":\"layout\",\"children\":[{\"name\":\"Hero\",\"type\":\"section\",\"props\":{\"style\":\"default\",\"width\":\"expand\",\"vertical_align\":\"middle\",\"title_position\":\"top-left\",\"title_rotation\":\"left\",\"title_breakpoint\":\"xl\",\"image_position\":\"center-center\",\"padding\":\"xlarge\",\"image\":\"wp-content\\\/uploads\\\/yootheme\\\/journal-05.jpg\",\"title\":\"\",\"image_effect\":\"parallax\",\"image_parallax_bgy_start\":\"0\",\"image_parallax_bgy_end\":110,\"image_size\":\"cover\",\"animation\":\"fade\",\"animation_delay\":\"200\",\"image_parallax_breakpoint\":\"l\",\"image_width\":\"1560\"},\"children\":[{\"name\":\"\",\"type\":\"row\",\"props\":{\"margin\":\"large\",\"match\":false,\"column_gap\":\"small\",\"row_gap\":\"small\"},\"children\":[{\"name\":\"\",\"type\":\"column\",\"props\":{\"image_position\":\"center-center\",\"image\":\"\",\"media_overlay_gradient\":\"\",\"width_medium\":\"1-1\"},\"children\":[{\"name\":\"\",\"type\":\"panel\",\"props\":{\"link_text\":\"Read more\",\"title_element\":\"h1\",\"meta_style\":\"meta\",\"meta_align\":\"below-title\",\"image_align\":\"top\",\"image_grid_width\":\"1-2\",\"link_style\":\"default\",\"margin\":\"default\",\"panel_style\":\"card-secondary\",\"title\":\"Soluciones innovadoras para hacer avanzar su negocio\",\"maxwidth\":\"xlarge\",\"title_style\":\"h2\",\"image_svg_color\":\"emphasis\",\"title_align\":\"top\",\"title_grid_width\":\"1-2\",\"title_hover_style\":\"reset\",\"title_grid_breakpoint\":\"m\",\"image_grid_breakpoint\":\"m\",\"icon_width\":80,\"meta_element\":\"div\",\"content_column_breakpoint\":\"m\",\"content\":\"\"}}]}]}]},{\"name\":\"About\",\"type\":\"section\",\"props\":{\"width\":\"default\",\"padding\":\"large\",\"style\":\"default\",\"padding_remove_top\":false,\"image_size\":\"cover\",\"image_position\":\"center-center\",\"vertical_align\":\"middle\",\"title_position\":\"top-left\",\"title_rotation\":\"left\",\"title_breakpoint\":\"xl\",\"padding_remove_bottom\":false,\"animation_delay\":false},\"children\":[{\"name\":\"\",\"type\":\"row\",\"props\":{\"layout\":\"1-3,2-3\",\"width\":\"default\",\"margin\":\"xlarge\"},\"children\":[{\"name\":\"\",\"type\":\"column\",\"props\":{\"image_position\":\"center-center\",\"media_overlay_gradient\":\"\",\"width_medium\":\"1-3\"},\"children\":[{\"name\":\"\",\"type\":\"headline\",\"props\":{\"title_element\":\"h2\",\"title_decoration\":\"bullet\",\"content\":\"Una peque\\u00f1a historia<br \\\/>detr\\u00e1s de nuestra<br \\\/>Empresa\",\"title_style\":\"h3\"}},{\"name\":\"\",\"type\":\"panel\",\"props\":{\"link_text\":\"\",\"title_element\":\"div\",\"meta_style\":\"meta\",\"meta_align\":\"below-title\",\"image_align\":\"left\",\"image_grid_width\":\"1-3\",\"link_style\":\"default\",\"margin\":\"medium\",\"image\":\"\",\"title\":\"Luz Mar\\u00eda Villanueva - Ivonne Marquez\",\"meta\":\"Fundador y Representante - Socio\",\"image_vertical_align\":true,\"text_align\":\"left\",\"maxwidth\":\"medium\",\"meta_margin\":\"remove\",\"link\":\"index.php?page_id=24\",\"image_width\":\"90\",\"image_height\":\"110\",\"image_svg_color\":\"emphasis\",\"title_align\":\"top\",\"title_grid_width\":\"1-2\",\"title_hover_style\":\"reset\",\"title_grid_breakpoint\":\"m\",\"image_grid_column_gap\":\"medium\",\"image_grid_row_gap\":\"medium\",\"image_grid_breakpoint\":\"\",\"title_link\":true,\"image_link\":true,\"icon_width\":80,\"meta_element\":\"div\",\"content_column_breakpoint\":\"m\",\"title_style\":\"h5\"}}]},{\"name\":\"\",\"type\":\"column\",\"props\":{\"image_position\":\"center-center\",\"media_overlay_gradient\":\"\",\"width_medium\":\"2-3\"},\"children\":[{\"name\":\"\",\"type\":\"text\",\"props\":{\"column_breakpoint\":\"m\",\"margin\":\"default\",\"content\":\"\n\n<p>ODI Consultor\\u00eda S.C. Es una firma 100% mexicana con m\\u00e1s de 15 a\\u00f1os de experiencia en el \\u00e1rea contable, fiscal, financiera, administrativa, corporativa y laboral; iniciando como personas f\\u00edsicas independientes sus socios fundadores deciden firmar ante notario la sociedad para as\\u00ed poder transmitir la experiencia, la t\\u00e9cnica y la energ\\u00eda en un todo unificado, un concepto completo e integral buscando resaltar el significado de su nombre la fortaleza de un equipo, que forma lideres decididos capases de enfrentarse a los retos del d\\u00eda a d\\u00eda.<\\\/p>\",\"dropcap\":false}}]}]}]},{\"name\":\"Call to action\",\"type\":\"section\",\"props\":{\"style\":\"default\",\"width\":\"default\",\"vertical_align\":\"middle\",\"title_position\":\"top-left\",\"title_rotation\":\"left\",\"title_breakpoint\":\"xl\",\"image_position\":\"center-center\",\"padding\":\"large\",\"image\":\"wp-content\\\/uploads\\\/yootheme\\\/company-cta-bg.jpg\",\"media_background\":\"rgba(55, 82, 170, 0.9)\",\"media_blend_mode\":\"multiply\",\"media_overlay\":\"rgba(30, 54, 132, 0.89)\",\"text_color\":\"light\",\"image_width\":\"1560\",\"image_size\":\"cover\"},\"children\":[{\"name\":\"\",\"type\":\"row\",\"props\":{\"margin\":\"large\",\"match\":false,\"vertical_align\":false,\"column_gap\":\"small\",\"row_gap\":\"small\"},\"children\":[{\"name\":\"\",\"type\":\"column\",\"props\":{\"image_position\":\"center-center\",\"image\":\"\",\"media_overlay_gradient\":\"\",\"width_medium\":\"1-1\"},\"children\":[{\"name\":\"\",\"type\":\"panel\",\"props\":{\"link_text\":\"Visita nuestra p\\u00e1gina\",\"title_element\":\"h2\",\"meta_style\":\"meta\",\"meta_align\":\"below-title\",\"image_align\":\"top\",\"image_grid_width\":\"1-2\",\"link_style\":\"default\",\"margin\":\"xlarge\",\"title\":\"S\\u00edguenos en Redes Sociales\",\"maxwidth\":\"large\",\"content\":\"\n\n<p>En ODI Consultor\\u00eda nos preocupamos por el bienestar de tu empresa<\\\/p>\",\"link\":\"https:\\\/\\\/www.facebook.com\\\/ODI-Consultoria-157591436038470\",\"text_align\":\"center\",\"margin_remove_bottom\":false,\"image_svg_color\":\"emphasis\",\"title_align\":\"top\",\"title_grid_width\":\"1-2\",\"block_align\":\"center\",\"title_hover_style\":\"reset\",\"title_grid_breakpoint\":\"m\",\"image_grid_breakpoint\":\"m\",\"icon_width\":80,\"meta_element\":\"div\",\"content_column_breakpoint\":\"m\",\"title_style\":\"h3\",\"link_target\":true,\"icon\":\"facebook\"}}]}]}]}],\"version\":\"2.6.2\"} --><\/p>\n","protected":false},"excerpt":{"rendered":"<p>Soluciones innovadoras para hacer avanzar su negocio Una peque\u00f1a historiadetr\u00e1s de nuestraEmpresa Luz Mar\u00eda Villanueva &#8211; Ivonne Marquez Fundador y Representante &#8211; Socio ODI Consultor\u00eda S.C. Es una firma 100% mexicana con m\u00e1s de 15 a\u00f1os de experiencia en el \u00e1rea contable, fiscal, financiera, administrativa, corporativa y laboral; iniciando como personas f\u00edsicas independientes sus socios [&hellip;]<\/p>\n","protected":false},"author":1,"featured_media":0,"parent":0,"menu_order":10,"comment_status":"open","ping_status":"open","template":"","meta":[],"_links":{"self":[{"href":"http:\/\/www.odiconsultoria.com\/index.php?rest_route=\/wp\/v2\/pages\/4"}],"collection":[{"href":"http:\/\/www.odiconsultoria.com\/index.php?rest_route=\/wp\/v2\/pages"}],"about":[{"href":"http:\/\/www.odiconsultoria.com\/index.php?rest_route=\/wp\/v2\/types\/page"}],"author":[{"embeddable":true,"href":"http:\/\/www.odiconsultoria.com\/index.php?rest_route=\/wp\/v2\/users\/1"}],"replies":[{"embeddable":true,"href":"http:\/\/www.odiconsultoria.com\/index.php?rest_route=%2Fwp%2Fv2%2Fcomments&post=4"}],"version-history":[{"count":7,"href":"http:\/\/www.odiconsultoria.com\/index.php?rest_route=\/wp\/v2\/pages\/4\/revisions"}],"predecessor-version":[{"id":1229,"href":"http:\/\/www.odiconsultoria.com\/index.php?rest_route=\/wp\/v2\/pages\/4\/revisions\/1229"}],"wp:attachment":[{"href":"http:\/\/www.odiconsultoria.com\/index.php?rest_route=%2Fwp%2Fv2%2Fmedia&parent=4"}],"curies":[{"name":"wp","href":"https:\/\/api.w.org\/{rel}","templated":true}]}}